11000022
Convert 11123 (base 4) to base 8.
533
10200200 (base 4) to base 3
221022212
What is 35443 (base 10) in base 12?
18617
What is 1e13 (base 15) in base 8?
14617
Convert -17923 (base 12) to base 16.
-856b
Convert -1e8c (base 15) to base 6.
-50453
Convert -26111 (base 7) to base 5.
-210132
10122 (base 3) to base 12
82
Convert -12 (base 6) to base 2.
-1000
What is -10011 (base 3) in base 7?
-151
What is 131 (base 8) in base 11?
81
Convert 470 (base 12) to base 10.
660
3102 (base 5) to base 10
402
423 (base 10) to base 16
1a7
What is 22aa6 (base 12) in base 11?
31a28
What is 1112 (base 6) in base 7?
521
What is -b2 (base 15) in base 7?
-326
Convert 18a7 (base 12) to base 6.
21531
424322 (base 5) to base 11
a854
14277 (base 11) to base 14
7575
-23310 (base 7) to base 2
-1011101100001
What is -48e (base 16) in base 5?
-14131
What is -2000011201 (base 3) in base 2?
-1001101001000101
What is 10210002 (base 3) in base 10?
2756
Convert 1d5 (base 16) to base 5.
3334
What is -11065 (base 7) in base 10?
-2791
Convert -121055 (base 6) to base 10.
-10619
-14033 (base 5) to base 14
-5b9
What is 21980 (base 10) in base 4?
11113130
136 (base 11) to base 15
aa
Convert 40331 (base 7) to base 13.
45aa
What is 1df4 (base 16) in base 11?
5841
Convert a4a (base 12) to base 13.
8b3
Convert 2210100 (base 4) to base 7.
42435
-367 (base 9) to base 12
-214
What is 367 (base 12) in base 5?
4021
Convert -101082 (base 9) to base 12.
-2a778
What is -110144 (base 5) in base 9?
-5181
Convert 560 (base 12) to base 11.
660
What is -3144 (base 5) in base 14?
-224
What is 432230 (base 5) in base 8?
34542
311101 (base 6) to base 13
b428
-265a (base 15) to base 8
-17771
-3135 (base 7) to base 3
-1111220
Convert bc40 (base 14) to base 9.
48633
Convert -10001 (base 2) to base 12.
-15
10000220001 (base 3) to base 15
12a4d
-3372 (base 10) to base 4
-310230
-128 (base 16) to base 8
-450
Convert b814 (base 14) to base 10.
31770
What is -310131 (base 4) in base 7?
-12534
What is -150b (base 13) in base 14?
-1181
Convert 448 (base 10) to base 7.
1210
What is 710a (base 13) in base 2?
11110011000110
Convert 206 (base 14) to base 2.
110001110
Convert -db7 (base 15) to base 3.
-11020201
-1036 (base 11) to base 10
-1370
-c4 (base 15) to base 7
-352
Convert 636 (base 14) to base 4.
103020
7a03 (base 11) to base 6
120430
Convert 34ad (base 14) to base 2.
10001111010001
What is 727 (base 13) in base 9?
1601
What is -a43 (base 16) in base 15?
-ba2
10111100101101 (base 2) to base 12
6ba5
Convert a639 (base 14) to base 12.
1470b
What is -80e (base 16) in base 6?
-13314
-11404 (base 8) to base 14
-1aba
What is 2144 (base 11) in base 16?
b0f
Convert 6183 (base 11) to base 15.
2668
What is 48b0 (base 13) in base 6?
115335
-803 (base 12) to base 11
-960
-606 (base 7) to base 8
-454
-1112 (base 15) to base 6
-24425
Convert -126 (base 15) to base 11.
-218
What is -1936 (base 11) in base 2?
-100110011011
-240010 (base 5) to base 8
-21063
19f (base 16) to base 4
12133
342551 (base 6) to base 14
a8a7
Convert -19332 (base 10) to base 2.
-100101110000100
What is 1313 (base 6) in base 15?
173
What is c8a (base 15) in base 8?
5416
-139 (base 12) to base 15
-c9
What is -1729 (base 13) in base 16?
-d57
Convert -12773 (base 8) to base 15.
-1a02
What is -1001000101111000 (base 2) in base 6?
-444224
What is -3522 (base 14) in base 6?
-110442
Convert 1993b (base 12) to base 9.
56552
What is 397 (base 16) in base 4?
32113
-2518 (base 9) to base 5
-30010
What is 30030012 (base 4) in base 13?
19956
Convert 1401 (base 10) to base 2.
10101111001
What is 1523 (base 7) in base 9?
742
Convert 169 (base 13) to base 2.
100000000
What is 2125 (base 9) in base 15?
6e2
What is -514 (base 10) in base 4?
-20002
Convert -58 (base 15) to base 12.
-6b
Convert -21870 (base 10) to base 8.
-52556
314e (base 15) to base 6
120132
-4355 (base 8) to base 4
-203231
What is 4100 (base 5) in base 10?
525
Convert 18890 (base 11) to base 5.
1320411
What is 8d41 (base 15) in base 10?
29986
Convert 260 (base 12) to base 6.
1400
-16429 (base 10) to base 11
-11386
What is -100012200 (base 3) in base 15?
-1ec9
21554 (base 8) to base 13
4187
Convert -61546 (base 7) to base 5.
-440103
What is -472 (base 9) in base 8?
-605
-1546 (base 12) to base 14
-caa
What is -332 (base 14) in base 13?
-398
1020123 (base 4) to base 16
121b
12230 (base 6) to base 14
93c
211340 (base 5) to base 8
15667
184 (base 12) to base 11
202
Convert 414 (base 6) to base 4.
2122
Convert 10111002111 (base 3) to base 9.
114074
Convert -4ef (base 16) to base 5.
-20023
-102333 (base 4) to base 11
-a05
179 (base 16) to base 10
377
What is -5ff (base 16) in base 11?
-1176
211 (base 5) to base 4
320
What is -201 (base 7) in base 9?
-120
What is -1021202 (base 3) in base 6?
-4202
Convert -12200211 (base 3) to base 15.
-136d
Convert -616 (base 8) to base 3.
-112202
What is -a84a (base 16) in base 5?
-2334312
What is 422 (base 5) in base 14?
80
Convert 31653 (base 7) to base 12.
4686
1042 (base 9) to base 4
23333
20221 (base 3) to base 12
137
What is 619 (base 15) in base 6?
10210
Convert e5 (base 15) to base 6.
555
-1313302 (base 4) to base 6
-55254
Convert -681 (base 13) to base 5.
-13434
Convert 1466 (base 11) to base 7.
5334
-202122 (base 3) to base 10
-557
-242452 (base 7) to base 15
-d127
30001 (base 4) to base 10
769
12106 (base 10) to base 7
50203
What is 203204 (base 6) in base 16?
3f94
-11101101110011 (base 2) to base 5
-441334
What is -52a (base 12) in base 2?
-1011110010
2075 (base 11) to base 4
222320
-1312220 (base 4) to base 8
-16650
What is 25523 (base 8) in base 2?
10101101010011
Convert 1989 (base 16) to base 7.
25026
What is 145 (base 9) in base 4?
1322
Convert 2702 (base 13) to base 6.
41455
-12f7 (base 16) to base 5
-123410
2213 (base 9) to base 5
23012
What is 562 (base 16) in base 10?
1378
Convert 195 (base 11) to base 8.
341
14454 (base 6) to base 16
922
What is -5872 (base 9) in base 4?
-1010012
What is -1218 (base 9) in base 2?
-1110001100
-100122 (base 3) to base 9
-318
2b15 (base 13) to base 16
187f
174 (base 10) to base 3
20110
What is -4111 (base 6) in base 13?
-54a
Convert 203121 (base 4) to base 6.
14253
What is -31211 (base 7) in base 8?
-16744
Convert -511 (base 14) to base 10.
-995
Convert c344 (base 13) to base 2.
110100100101111
What is 14003 (base 5) in base 14?
5a8
9dc (base 16) to base 12
1564
-111100010111 (base 2) to base 3
-12022002
What is 65626 (base 7) in base 12?
9617
Convert 257a9 (base 11) to base 5.
2140103
-368 (base 14) to base 4
-22220
-1000110101100 (base 2) to base 6
-32540
2120 (base 7) to base 10
749
Convert f3c (base 16) to base 14.
15c8
What is -433c (base 14) in base 12?
-6882
30231 (base 5) to base 12
1159
What is 269 (base 16) in base 7?
1541
Convert 2933 (base 11) to base 3.
12012021
11804 (base 12) to base 4
11301010
What is 2a4e (base 15) in base 10?
9074
Convert -3405 (base 12) to base 13.
-2816
Convert -852 (base 11) to base 4.
-100001
Convert -10615 (base 8) to base 2.
-1000110001101
What is -135515 (base 6) in base 9?
-18662
-3310101 (base 4) to base 7
-63402
Convert -25370 (base 12) to base 3.
-2120110010
-13211 (base 4) to base 13
-2b4
Convert 10010210 (base 3) to base 7.
6450
What is 1323 (base 8) in base 4?
23103
6a71 (base 13) to base 15
4679
What is 24002 (base 5) in base 3?
2101220
-23572 (base 9) to base 2
-11110110100011
What is 100 (base 13) in base 11?
144
Convert -122011 (base 3) to base 2.
-111001111
What is 1566 (base 12) in base 11?
1997
-9799 (base 10) to base 4
-2121013
312102 (base 4) to base 16
d92
-7164 (base 9) to base 11
-3a36
Convert -1000110001 (base 2) to base 3.
-202210
Convert -3a2 (base 13) to base 14.
-339
What is 3004043 (base 5) in base 10?
47398
What is -1106 (base 12) in base 6?
-12410
What is 1210 (base 10) in base 2?
10010111010
What is -1ca (base 15) in base 6?
-1531
-10000000101 (base 2) to base 13
-612
-100 (base 11) to base 4
-1321
Convert -503 (base 14) to base 2.
-1111010111
Convert 110100100010 (base 2) to base 10.
3362
What is -113444 (base 5) in base 9?
-5741
What is 1236 (base 13) in base 9?
3476
-8269 (base 10) to base 14
-3029
23423 (base 5) to base 16
6ca
1021 (base 9) to base 2
1011101100
6b10 (base 13) to base 5
440204
106 (base 16) to base 3
100201
What is -123505 (